
561
What is the highest common divisor of 1575461184 and 888?
888
Calculate the highest common factor of 2425 and 10978945.
485
What is the highest common divisor of 6532195 and 10?
5
What is the greatest common divisor of 17061492 and 828?
276
Calculate the highest common divisor of 12 and 74549148.
12
What is the highest common factor of 134602236 and 84?
12
What is the highest common factor of 4588 and 998852?
148
Calculate the highest common factor of 29047 and 39926507.
937
Calculate the greatest common factor of 396306 and 2231414.
358
What is the greatest common factor of 7392 and 889518?
42
What is the highest common divisor of 1035 and 123199155?
1035
What is the greatest common divisor of 7155 and 510337?
53
Calculate the highest common factor of 23 and 35141010.
23
What is the greatest common divisor of 44 and 626142?
22
Calculate the highest common factor of 25944954 and 2604.
1302
What is the highest common divisor of 3799 and 6351?
29
Calculate the highest common factor of 304021086 and 582.
582
Calculate the highest common factor of 26 and 8000.
2
Calculate the greatest common factor of 524630 and 12420.
230
What is the greatest common factor of 153 and 6944262?
51
Calculate the highest common factor of 890 and 7488200.
10
Calculate the greatest common divisor of 3234425 and 275.
25
Calculate the greatest common factor of 3698622 and 486.
162
What is the highest common divisor of 239211 and 198219?
21
What is the highest common factor of 102 and 1547697?
51
Calculate the highest common divisor of 3983728 and 2324.
28
What is the highest common divisor of 1507926 and 126?
42
What is the greatest common divisor of 853140 and 261726?
1446
Calculate the highest common factor of 2063281 and 256586.
1177
Calculate the greatest common divisor of 19219 and 463.
1
Calculate the highest common divisor of 5311 and 21761.
47
What is the greatest common divisor of 8 and 3019462?
2
Calculate the greatest common divisor of 1668 and 67540378.
278
What is the highest common factor of 2341798 and 200?
2
What is the greatest common factor of 815654 and 302006?
2378
What is the greatest common divisor of 44397285 and 7310?
3655
What is the highest common divisor of 56649 and 1014231?
69
Calculate the greatest common factor of 81807 and 1481169.
201
Calculate the highest common divisor of 234640 and 1744.
16
What is the greatest common factor of 4 and 270130312?
4
Calculate the greatest common divisor of 80608 and 16357.
11
Calculate the greatest common factor of 34349208 and 72.
24
What is the greatest common divisor of 8555560 and 1040?
520
What is the greatest common divisor of 2187329 and 43861?
1907
What is the highest common divisor of 308 and 39592322?
154
Calculate the highest common divisor of 596309 and 3332.
119
Calculate the highest common factor of 454 and 1978305.
227
What is the greatest common divisor of 22993695 and 7816?
977
Calculate the greatest common factor of 24 and 6062632.
8
What is the highest common factor of 88 and 186395572?
44
What is the highest common factor of 70591 and 296869?
967
What is the greatest common factor of 44050 and 699514?
1762
What is the greatest common divisor of 281 and 56364947?
281
Calculate the greatest common divisor of 9077 and 131863.
29
Calculate the greatest common factor of 9336973 and 10199.
47
What is the highest common factor of 107633 and 1131601?
2909
Calculate the highest common factor of 3289736 and 6555.
437
What is the highest common factor of 354233330 and 220?
110
What is the highest common divisor of 841 and 5916203?
29
What is the greatest common divisor of 23816 and 546394?
458
Calculate the highest common divisor of 246560329 and 341.
31
What is the highest common divisor of 20509290 and 4836?
186
Calculate the greatest common divisor of 18 and 19429986.
6
What is the highest common divisor of 3036 and 16236?
132
Calculate the greatest common divisor of 6385312 and 93536.
1184
Calculate the highest common factor of 24750 and 23852925.
225
Calculate the highest common divisor of 17646860 and 440.
220
Calculate the greatest common divisor of 63 and 412831629.
63
What is the highest common divisor of 1103986 and 221?
13
Calculate the greatest common factor of 367525116 and 12.
12
Calculate the highest common divisor of 340365060 and 2.
2
Calculate the highest common divisor of 297171651 and 21.
21
What is the highest common divisor of 433296 and 114224?
944
What is the highest common divisor of 452055260 and 40?
20
Calculate the greatest common factor of 158969 and 233661.
71
Calculate the greatest common divisor of 206262875 and 1625.
1625
Calculate the highest common divisor of 369850 and 33850.
50
What is the greatest common factor of 2571555 and 2562?
21
Calculate the greatest common divisor of 11711471 and 2033.
107
What is the greatest common divisor of 17319 and 959376?
69
What is the highest common factor of 64 and 1431996880?
16
Calculate the highest common divisor of 64 and 4241.
1
What is the greatest common divisor of 728 and 60658052?
364
Calculate the greatest common divisor of 2 and 182967898.
2
What is the highest common factor of 69872 and 647504?
176
What is the greatest common factor of 12546432 and 4608?
1152
Calculate the highest common divisor of 10 and 371465.
5
Calculate the highest common factor of 523995 and 1852800.
2895
What is the greatest common factor of 45421218 and 1062?
18
Calculate the highest common factor of 59505 and 502200.
15
Calculate the highest common divisor of 560 and 86977520.
560
What is the highest common divisor of 5811 and 34619?
13
What is the highest common divisor of 542618426 and 14?
14
Calculate the highest common divisor of 9756 and 134878868.
1084
Calculate the highest common divisor of 13750 and 1528560.
110
Calculate the highest common factor of 102 and 16561902.
6
Calculate the greatest common factor of 6534 and 305624.
22
Calculate the greatest common factor of 62560 and 23720.
40
What is the greatest common factor of 130 and 652846?
2
What is the highest common divisor of 15718 and 1007924?
58
What is the highest common factor of 4434 and 245390862?
4434
Calculate the greatest common divisor of 28450 and 13725.
25
Calculate the highest common divisor of 388755 and 37153.
53
Calculate the highest common factor of 91 and 22176492.
13
Calculate the highest common factor of 7802 and 6359335.
47
Calculate the highest common divisor of 480 and 255627.
3
Calculate the greatest common factor of 493633 and 42166.
727
What is the greatest common divisor of 56401607 and 232?
29
Calculate the highest common factor of 2716 and 94864448.
2716
Calculate the greatest common factor of 20212 and 2926828.
652
Calculate the highest common divisor of 56 and 29983898.
14
What is the greatest common divisor of 11 and 176352077?
11
Calculate the highest common divisor of 153984 and 606144.
192
What is the greatest common factor of 232966839 and 3174?
1587
Calculate the highest common factor of 2108 and 134214779.
527
What is the greatest common factor of 1103212 and 5786?
22
What is the greatest common divisor of 1134372473 and 24622?
12311
What is the greatest common factor of 86313688 and 603?
67
What is the highest common factor of 1140 and 5540495?
95
What is the greatest common divisor of 54998 and 52942?
514
Calculate the greatest common factor of 38 and 216481.
1
Calculate the greatest common factor of 126 and 16647687.
63
Calculate the highest common divisor of 5498988 and 1133.
11
What is the highest common divisor of 35003529 and 56430?
5643
Calculate the greatest common divisor of 1656396 and 13692.
84
What is the greatest common factor of 12513216 and 2304?
192
What is the highest common factor of 119405962 and 702?
26
Calculate the highest common factor of 108 and 63426564.
108
Calculate the greatest common divisor of 233444 and 18428.
68
Calculate the greatest common divisor of 178687 and 22829892.
10511
Calculate the greatest common factor of 39040 and 458929840.
4880
Calculate the greatest common divisor of 48221372 and 160.
4
Calculate the highest common divisor of 974 and 3596216436.
974
Calculate the highest common divisor of 2216 and 353782184.
2216
What is the greatest common divisor of 340 and 6929710?
170
What is